+ 163 = 43. Let w(v) = 4*v**2 + 59 - 8*v + v**j - 67 - 3*v**3 + 2*v**2 + 3*v**3. Give w(-7).
-1
Let g(b) be the second derivative of 2*b**3/3 + 6*b**2 - 365*b. What is g(-8)?
-20
Let a(d) be the first derivative of 2*d**2 - 3*d - 1. Let b(l) = 2569*l + 7710. Let u be b(-3). Give a(u).
9
Let u = -7578 + 22735/3. Let t(w) be the third derivative of 0 + 34*w**2 - 1/12*w**4 - u*w**3 - 1/20*w**5 + 0*w. Give t(-2).
-10
Let m(g) = -97*g + 1. Let f(n) = -593*n + 332. Let h(b) = -f(b) + 6*m(b). Give h(29).
-7
Let w(u) = 18*u**3 - u**2 + u. Suppose -1776 = -7*t - 572. Suppose -7*y + 179 = t. What is w(y)?
18
Let d(y) = 8*y - 12. Suppose 10 = 5*c, -4*w + 48*c - 47*c = -14. What is d(w)?
20
Let s(w) = -w**2 + 13*w + 65. Let g be s(17). Let j(i) be the third derivative of -i**5/60 - 5*i**4/24 - 2*i**3/3 + 12*i**2 - 5. Determine j(g).
2
Let k(g) = 26 + 17 + 3*g - 40. Suppose 20*f = z + 17*f + 15, -27 = 4*z - f. Let i = 0 - z. Give k(i).
21
Let p(o) = 22*o**2. Let u = -21111 + 21112. Calculate p(u).
22
Let f = 21 + -1. Suppose 0 = 4*k + 5*g + f, 11 = -2*k + 2*g + 1. Let u(c) = -c + 6. Give u(k).
11
Suppose -246*j - 83 = -60*j + 103. Let n(h) = 63*h**2 + 2. Calculate n(j).
65
Let f(r) be the second derivative of r**3/6 - 3*r**2/2 + 11*r. Let s(k) = k**2 - 14*k + 8. Let p be s(12). Let h be 19/(-57) + p/(-3). Calculate f(h).
2
Let x(o) = 11*o**2 - 19*o + 69. Let u(h) = -3*h**2 + 6*h - 23. Let s(q) = -7*u(q) - 2*x(q). Give s(9).
-94
Let s(y) = -102*y**2 + 10*y + 7. Let d(u) = -58*u**2 + 6*u + 4. Let m(j) = 5*d(j) - 3*s(j). Let f(p) = p**2 + p - 1. Let g be f(-1). Calculate m(g).
15
Suppose -12*a + 9*a - 2*v = 2, -5*a = 4*v + 2. Let q(t) = t**2 - t - 3. Let l(x) = 4*x**2 - 4*x - 12. Let g(f) = 2*l(f) - 9*q(f). What is g(a)?
-3
Let s(x) = -47 + 89 - 42 + x. Suppose -2*c + 18 = -4*h, -4*h - 9 = -4*c - 5*h. Suppose -1 - 2 = c*f. Calculate s(f).
-1
Let k(b) be the first derivative of 5/3*b**3 + 40 + 1/4*b**4 + 3*b - 2*b**2. What is k(-6)?
-9
Let u(f) be the second derivative of f**3/3 - f**2/2 + 223*f - 1. Let b(l) = -l**2 + 4*l + 4. Let q be b(5). Calculate u(q).
-3
Let m(o) = 2*o**3 - o**2 + 4*o + 5. Let f(j) = j**3 - 12*j**2 + 27*j - 178. Let t be f(11). What is m(t)?
-23
Let q(m) be the second derivative of 7/12*m**4 + 23*m + 3/2*m**2 + 3 - 1/3*m**3. What is q(2)?
27
Suppose 29*n - 25*n - 20 = -2*t, 0 = -3*n + t + 20. Let c(b) = b**3 - 12*b**2 + 6*b + 16. Calculate c(n).
-164
Let y(p) = 37*p + 85. Let b(z) = 363*z + 853. Let j(h) = -4*b(h) + 39*y(h). Determine j(-9).
-16
Let p(i) = -2*i**3 - i**2 + 2*i - 1. Let x(w) be the second derivative of w**5/20 + 62*w. Let l(o) = -p(o) - 3*x(o). Calculate l(1).
-1
Let r(x) be the third derivative of x**7/1680 - x**6/180 - x**5/10 + 7*x**4/24 - 2*x**2 - 5*x. Let w(j) be the third derivative of r(j). Determine w(-8).
-28
Let m = 9 - 6. Let c(s) = 1 - s**m + 4*s**2 + 2*s**2 + 1. Let q be 0 + -22 + 30 + -2*1. What is c(q)?
2
Let c(r) = 74*r**2 + 7*r + 6*r - 75*r**2 + 0*r + 17 - 9*r. What is c(7)?
-4
Let x(k) be the first derivative of 1 - 1/4*k**4 - k + 3/2*k**2 + k**3. Suppose 309*t + 21 = 532 + 107. Calculate x(t).
9
Let f(l) = 4*l**2 + 3. Let d(k) = 5*k**2 - k + 3. Let x(m) = -2*d(m) + 3*f(m). Let o be 1674/10 - (85/25 - 4). Let y = o - 170. What is x(y)?
7
Let y(t) = t**3 + t + 1. Let i(n) = 7*n**3 - 2*n**2 + n + 7. Let d(u) = -i(u) + 6*y(u). Let f be 92/22 - (-98)/(-539). Calculate d(f).
-13
Let j be (-17)/(-85) - 430/25. Let b(o) = o**2 + 19*o + 37. Calculate b(j).
3
Let z(j) = -3*j**3 - 5*j**2 + 6*j + 5 + 12*j**3 - 10*j**3. Let l be 24 + -14 + 2/2. Suppose -2*a = q + 10, 3*q + 1 = 3*a - l. Determine z(q).
5
Let c(k) = -6*k**2 + k + 1. Let j be 21*8*(-3)/(-36). Suppose 0*u = -3*u + 2*o - 2, -3*o = u - j. Give c(u).
-21
Let t(u) be the first derivative of -u**3/3 - 9*u**2/2 + 2*u + 3. Suppose -83 = 4*o + 2*x + 3*x, 0 = o - 2*x - 15. Determine t(o).
16
Let b(c) = -c**2 + 8*c - 6. Let v be b(6). Let o(s) = 120*s - 11 - 49*s - 53*s - 16*s. Calculate o(v).
1
Let h(i) = 7 - 9*i - 11*i**2 - 19 + 11*i**2 - i**2. Determine h(-6).
6
Let x(m) = m**2 + 10*m + 26. Let r be x(-8). Let p(i) = 5*i - 8. Calculate p(r).
42
Suppose -19 + 43 = 4*z. Let f(t) = -5*t - 5. Let l = -154 + 153. Let u(m) = m. Let j(q) = l*f(q) - 4*u(q). What is j(z)?
11
Let u(b) be the second derivative of 2 - 83*b - 1/20*b**5 + 7/6*b**4 + 4*b**2 + 0*b**3. Calculate u(14).
8
Let z(h) = h**2 - 7*h + 5. Let c be (-1 + 0 - -4) + (5 - 4). Let s be c/(10/5) + 3. Suppose -5*j - 27 = -l - 0*l, -3*l + s = 4*j. Determine z(l).
5
Suppose 12*y + 45 - 105 = 0. Let s(f) = -16*f**2 + 41*f + 26. Let z(c) = -3*c**2 + 8*c + 5. Let j(w) = -2*s(w) + 11*z(w). Give j(y).
8
Let m be -3 + 3/(2*(-6)/48). Let j be 9/m*-11 + (-10)/(-25). Let x(o) = 3*o + 3. Determine x(j).
24
Let p(x) = -2*x**2 + 12*x + 1. Let g(q) = 4*q**2 - 22*q - 1. Let w(v) = 3*g(v) + 5*p(v). Let r be 28/49 + 48/14. Suppose t + r*t = 20. Calculate w(t).
10
Let b(f) = -2143*f + 2145*f - 1156 + 1061. Calculate b(31).
-33
Let u(q) = -2*q**3 + 2*q**2 + 6*q + 1. Let j be u(0). Let s(p) = -4*p**3 + 4*p**2 - 3*p. Calculate s(j).
-3
Let t(d) = 7*d**3 - 3*d + 12. Let z(x) = 16*x**3 - 2*x**2 - 5*x + 25. Let o(r) = 7*t(r) - 3*z(r). Calculate o(-7).
2
Let k(q) = 3*q**2 + 18*q + 5. Suppose 7*r - 8 = -f + 9*r, -2*f + 10 = -r. Suppose -28 = f*o + y, 2*o - 5*y - 44 = 6*o. Calculate k(o).
5
Let h(z) = 64*z + 626. Let m(o) = -31*o - 312. Let v(s) = 12*h(s) + 25*m(s). What is v(-42)?
6
Let s(w) = w**3 - 4*w**2 - 3*w + 19. Let f(o) = -2*o**3 + 7*o**2 + 5*o - 33. Suppose 0 = 24*y + 142 + 26. Let g(i) = y*s(i) - 4*f(i). Calculate g(-3).
-31
Let l(x) = -x + 16. Let z be l(14). Let i(k) = -11*k**2 - 7*k**z + 22*k**2 - 7*k - 3*k**2 - 7. What is i(8)?
1
Let q(k) be the first derivative of -10*k + 1/2*k**2 - 91. Give q(7).
-3
Suppose -189 = -5*n - 39. Suppose -19*y - 46 = n. Let a(k) = -k**2 - 3*k + 1. Give a(y).
-3
Let k = 2105 + -2098. Let h(o) = -8*o**2 + o**2 + o**3 + 0*o**3 + 0*o**2 + 10 - 2*o. Determine h(k).
-4
Let q be (2/32)/(0/(-3) + 1/4). Let d(i) be the first derivative of -2*i - 8/3*i**3 - 7/2*i**2 - q*i**4 - 21. Give d(-7).
-2
Let h(k) = -k**3 + 5*k**2 - 3*k. Let v = 38 - 36. Determine h(v).
6
Let t(j) = -6*j - 3. Let k be t(-2). Let h = k - 15. Let q(p) = -865 + 30*p + 436 - 28*p + 435. Calculate q(h).
-6
Let b(w) = -4*w**3 - 7*w**2 + 17*w - 9. Let o(m) = -3*m**3 - 5*m**2 + 14*m - 7. Let h(n) = -4*b(n) + 5*o(n). What is h(-1)?
1
Suppose -3*x = 4*i + 3, -4*x + 2*i = -x + 3. Let b be x + 2 - (-18)/2. Let y(p) = -8*p**2 + 14*p**2 - 7*p**2 + 87*p - 78*p + 5. Determine y(b).
-5
Suppose -5*p - 96 = o, 2*p = 4*o - p + 315. Let u be 40/480 - (-2066)/(-24). Let s = o - u. Let l(k) = -k**3 + 4*k**2 + 6*k. Determine l(s).
5
Let j(g) = 6*g**2 + 59*g - 12. Let d be j(-10). Let m(o) = o**3 - 3*o**2 - 3*o + 4. Let k be m(d). Let z(h) = -h + 1. What is z(k)?
11
Let r(d) = -18*d - 908. Let v(i) = -9*i - 397. Let u(h) = 3*r(h) - 7*v(h). Determine u(-6).
1
Suppose 24 = -3*j - 0*j. Let w(x) be the third derivative of x**6/120 + 2*x**5/15 + x**4/24 + 2*x**3/3 - 11083*x**2. Calculate w(j).
-4
Let u be ((90/50)/1)/(6/10). Let m(f) = -11*f - 3. What is m(u)?
-36
Let n(q) = -q**2 - 2*q + 5. Let r be (-1)/(0 - 3/6). Suppose -28 = -2*a - r*a - 4*m, 19 = 3*a + 2*m. Determine n(a).
-30
Let w(i) be the first derivative of i**3/3 - 3*i**2 + 6*i - 5. Let x be 140/8*8/10. Let g be ((-8)/(-3))/((x/(-3))/(-7)). Determine w(g).
-2
Let w be (36/14 + (-1490)/(-1043))*3/4. Let k(r) = -4*r + 2*r**3 + 0*r**3 + 6*r**2 - 1 + 3*r**3 - 6*r**3. Determine k(w).
14
Let o(m) = 2*m**2 - 7*m + 4. Let y(h) = -25*h + 254. Suppose -2*r - 4*p = p - 45, -35 = -2*r - 3*p. Let i be y(r). Calculate o(i).
8
Let z(h) = -h**3 - 3*h**2 + 3. Suppose -19 = -3*n - a, 2*n - a = -0 + 11. Let t = 2328 - 2326. Suppose k = t*i + n + 1, -5 = -5*k. Calculate z(i).
3
Let t(z) = -7*z - 208. Let u be (-124)/(-6)*(2/10)/((-4)/30). Give t(u).
9
Let t be (-38)/266*182 - -29. Suppose 5*f + s = 12, 6*s - s - 6 = 2*f. Let o(k) = k + f - 2*k + 3. Determine o(t).
2
Let l(d) = 22*d - 102. Let s(g) = 4*g + 29. Let y be s(-6). Let t be l(y). Let n(v) = -v**3 + 8*v**2 - 2*v + 12. Calculate n(t).
-4
Suppose 0 = 4*j - h - 41, -j + 88*h - 1 = 84*h. Let n(x) = x**3 - 12*x**2 + 2*x + 8. What is n(j)?
-91
Let q(z) = 